)/((-6)/45)?
2, 3
Let c be (-2)/(-7) + 68/7. Suppose -5*s + 2*s + 6 = 0. Suppose 0 = -s*z + c. What are the prime factors of z?
5
Suppose 2*x - 463 = -33. What are the prime factors of x?
5, 43
Let s be 7 + (4 - 3 - 2). What are the prime factors of (1 + 4/(-6))*s?
2
Let u be (-6)/(-24) + 47/4. List the prime factors of (4 + (1 - 3))*u.
2, 3
Let z(s) = 9*s**2. Let d be z(2). Let v = d - 12. What are the prime factors of v?
2, 3
List the prime factors of (-10)/(-5)*(0 - -26 - -1).
2, 3
List the prime factors of (-324)/(-8) - (-1)/2.
41
Suppose -2 = f, 0*f = -2*r + 2*f + 112. List the prime factors of 12/r + (-160)/(-9).
2, 3
Let j(l) = 7*l**2 - 10*l + 7. Let g(q) = 6*q**2 - 9*q + 7. Let u(o) = 6*g(o) - 5*j(o). What are the prime factors of u(5)?
2, 3
Let n(h) = h - 3 + 12 - 2 + 10. What are the prime factors of n(0)?
17
Let q be (0 - 0) + (4 - 0). Suppose -2*k + 9 = 5*o, q*k - 21 = -2*o + 37. What are the prime factors of k?
17
Let i = -109 + 239. What are the prime factors of i?
2, 5, 13
Let h(q) = -q**3 - q + q + 5*q**2 + 2 - 4. What are the prime factors of h(3)?
2
Let o(c) = 10*c**3 - 3*c**2 + 3*c + 2. What are the prime factors of o(3)?
2, 127
Suppose 3*h = 2*s + 68 - 209, 0 = -4*s - 4*h + 272. What are the prime factors of s?
3, 23
Suppose 4*x - 4 = 0, -x = s + s - 447. List the prime factors of s.
223
Let w(t) = 5*t - 2. Let r be w(2). Let o(a) = -2*a**2 + 10*a - 8 + a**2 + 0. What are the prime factors of o(r)?
2
Let o be 0 + ((-4)/10)/(2/(-70)). Let g = 1 + 0. Let q = o - g. What are the prime factors of q?
13
Suppose -4*m = -0*m - 8. Suppose 0 = -2*i - m*i + 16. Suppose 60 + 0 = i*v. List the prime factors of v.
3, 5
Let t be (-4)/(-18) - 7/(-9). Let u = 0 + t. List the prime factors of (12*u)/(6 - 5).
2, 3
Suppose 68 = 4*z - 2*j, -66 = -4*z + j - 0*j. List the prime factors of z.
2
Let o = 16 - 10. List the prime factors of (4/o)/(14/105).
5
List the prime factors of (-7 + 1 - -4)*(-145)/2.
5, 29
Let v be (-2)/7 + (-32)/(-14). Let h(z) = -1 + 3 - v + 12*z. What are the prime factors of h(1)?
2, 3
List the prime factors of 43 - 2 - (-7 + 5).
43
Let p = 529 + -361. What are the prime factors of p?
2, 3, 7
Let l(j) = 7*j**2 - 3*j + 4. List the prime factors of l(3).
2, 29
Let x be -2*(-5*1 + 0). Let n be (-592)/(-80) - (-3)/5. Suppose 0 = -b - 3*m + n, -x = -b + m + 6. What are the prime factors of b?
2, 7
Suppose -3*o = -990 - 234. List the prime factors of o.
2, 3, 17
Suppose 0*x + 3*x - 3 = 0. What are the prime factors of (41 + 2)/(0 + x)?
43
Let x be 33/(-3 + (2 - 0)). Let c be x/4 - 4/(-16). Let n = -4 - c. List the prime factors of n.
2
Let f(y) = -y**3 + 3*y**2 - 2*y + 2. What are the prime factors of f(2)?
2
Let v = 4 + -3. Let y be 8/((-1)/(0 + v)). Let l = 20 + y. List the prime factors of l.
2, 3
Suppose m + 2 = -1, 4*m + 28 = 4*u. Suppose -u*l + 85 = 5*t, 68 = 6*t - 2*t - l. List the prime factors of t.
17
Let x be (2 + -4)/((-4)/(-10)). Let a(p) be the third derivative of -p**5/60 - 5*p**4/24 + 7*p**3/6 + p**2. List the prime factors of a(x).
7
What are the prime factors of 4*-33*(27/(-4) + 6)?
3, 11
Let u(n) = n**3 + 9*n**2 + 8*n + 5. Let p be u(-8). What are the prime factors of p + -2 - -8 - 1?
2, 5
Suppose 5*g = m - 18 + 43, 0 = -5*g + 4*m + 10. Let l(r) = -r**2 + 7*r - 1. Let y be l(g). Suppose 4*t - 7 = y, -t + 13 = 5*q. What are the prime factors of q?
2
What are the prime factors of 2/(-2*2/(-38))?
19
Suppose 3*z + 2 = 4*z. Suppose -z*n = -18 - 20. List the prime factors of n.
19
List the prime factors of (-6)/(-15) - 718/(-5).
2, 3
Let d(u) = -u - 13. Suppose 0 = -3*f + f - 24. Let w be d(f). List the prime factors of (3 - (10 + -2))*w.
5
Let i(y) = 8*y - 2. Suppose -2*t + 3*n = -13, 3*t + 2*t + 2*n = 4. List the prime factors of i(t).
2, 7
Let y = -7 - -5. Let a = 4 + y. Suppose 3 - 7 = -a*o. What are the prime factors of o?
2
List the prime factors of 1/(4 + (-60)/16).
2
Let a = 125 + -49. List the prime factors of a.
2, 19
Suppose -4*d = -2*m - 66, 0 = -4*d - d - 5*m + 90. Let v = d - 7. What are the prime factors of v?
2, 5
Let g = 144 + 40. What are the prime factors of g?
2, 23
Let n(g) = 39*g**2 + 2*g - 1. Let a be n(1). Suppose 0 = -o - a - 32. List the prime factors of 2/(-10) - o/10.
7
What are the prime factors of 7 - (-3 + 4) - 1?
5
Suppose -3*x - 5*v - 26 = 0, 3*x - x = -5*v - 9. What are the prime factors of (x + (0 - 3))/(-1)?
2, 5
Suppose -7 = -c - 54. Let d = 95 + c. What are the prime factors of d?
2, 3
Let n = 51 + -13. What are the prime factors of n?
2, 19
Suppose -y - 2*g = -176, 4*y - 2*g = 962 - 248. What are the prime factors of y?
2, 89
Let g = -10 - -14. Let s be 2/(-1) - g*-4. Let v = -9 + s. List the prime factors of v.
5
Suppose -2*f + 47 = u, 2*u + 5*f - 72 - 27 = 0. Suppose 23 = 4*y - u. List the prime factors of y.
3, 5
Let f = 66 - 3. List the prime factors of f.
3, 7
Let z = -10 + 8. List the prime factors of (3 - 31 - z)*-1.
2, 13
Suppose 2*t = -t + 57. Suppose -4*k = -5*k + 4*f + t, 4*f = -3*k + 89. What are the prime factors of k?
3
Let l(o) = 3*o + 1. Let c(f) = -2 - 2 - 8*f - 2*f. Let h(p) = -2*c(p) - 7*l(p). List the prime factors of h(-4).
5
Suppose -u = -2*u. Suppose 5*n - 8*n + 39 = u. Let j = 1 + n. What are the prime factors of j?
2, 7
Let f(x) = x**3 - 15*x**2 + 16*x + 18. Let d(v) = -v**3 - 13*v**2 - 13*v + 2. Let b be d(-12). List the prime factors of f(b).
2, 23
Suppose -b - 100 = -5*b. What are the prime factors of b?
5
Let g(k) = k - 5*k**3 + 7*k**2 + 6*k**3 - 11*k - 1. What are the prime factors of g(-8)?
3, 5
Suppose 13*q + 24 = 15*q. List the prime factors of q.
2, 3
List the prime factors of 20/(-30) - (-56)/3.
2, 3
Suppose 8*v = 6*v + 154. List the prime factors of v.
7, 11
Let t be 3/(-2*(-2)/24). Let f = 12 - t. Let c = 12 + f. What are the prime factors of c?
2, 3
Let u(y) = -y**3 + 5*y**2 - 3*y - 2. Let h be u(4). Let n = 6 + -24. What are the prime factors of (1*-1)/(h/n)?
3
Let t = -6 - -8. What are the prime factors of 9 - (-2 - -2 - t)?
11
Let c(r) = -5 + 1 + 3*r - r. Let p be c(9). Suppose -4*s + p = -3*y - 33, s = 2*y + 18. List the prime factors of s.
2
Suppose -5*v - 17 = -2. Let h(n) = 2*n**3 - 5*n**2 - 3*n + 4. Let u(q) = q**3 + q**2 - q. Let a(j) = v*u(j) + h(j). List the prime factors of a(-8).
2
Suppose 32 = -6*g + 10*g. Let y(u) = -6*u**2 - 7*u + 6. Let n(p) = 5*p**2 + 7*p - 5. Let c(i) = -7*n(i) - 6*y(i). List the prime factors of c(g).
7
Let g = -3 + 5. Suppose t + 5*m = -13, 0*t - 2*t + 6 = g*m. Let v(d) = d**3 - 6*d**2 - 5*d - 5. What are the prime factors of v(t)?
3
Suppose -5*j + 80 = 5*c, -2*c - 3 + 5 = 0. Let q = j + -10. What are the prime factors of q?
5
Let y be ((-33)/9)/((-6)/18). Let n = 33 + y. What are the prime factors of n?
2, 11
Let g(l) = l**2 + 3. What are the prime factors of g(5)?
2, 7
Let t = -170 - -349. List the prime factors of t.
179
Suppose -7*k = -1103 - 927. What are the prime factors of k?
2, 5, 29
Let v(g) = -3*g - 2. Let y be v(6). What are the prime factors of y/3*360/(-75)?
2
Suppose -5*n - 61 = -4*d + 3, -d + n + 15 = 0. List the prime factors of d.
11
Let y = -16 + 6. Let d be 158/y - 2/10. Let k = d - -22. List the prime factors of k.
2, 3
Let v(t) = -t**2 - 5*t - 1. Let c be v(-5). Let k be -32 - -1 - c/(-1). List the prime factors of (-18)/(-12)*k/(-3).
2
What are the prime factors of 3*(-41)/4*-4?
3, 41
Suppose -20 = -g - g. List the prime factors of 8/g - 4097/(-85).
7
Let d(q) = -q**3 + q**2 + q. Let h be d(0). Let a = 2 - h. What are the prime factors of a?
2
Let o(p) = -p**2 - 16*p + 5. What are the prime factors of o(-14)?
3, 11
Suppose 12 = 4*s - 0*s. What are the prime factors of (s/6)/(2/48)?
2, 3
Let n(x) = 2*x**2 + 2*x - 1. Suppose 2 = b + b. Let z be n(b). Suppose 0 = 2*g - z - 9. List the prime factors of g.
2, 3
What are the prime factors of (-1771)/(-5) - 2/10?
2, 3, 59
Let z = 39 + -19. List the prime factors of z.
2, 5
Let i be 4 + -2 + (2 - 4). Suppose 3*w - 18 = -2*p + 10, i = 5*p - 5*w - 20. Suppose 3*s = a - p, -10 = -2*a - 4*s + 6. List the prime factors of a.
2
List the prime factors of (-264)/(-9) + (-10)/(-15).
2, 3, 5
List the prime factors of 4/(-4*5/(-390)).
2, 3, 13
Suppose -4*w - 19 = -227. Let k = w + -34. What are the prime factors of k?
2, 3
Let o(i) = -12*i. Let